{"id":5,"date":"2017-11-19T16:03:04","date_gmt":"2017-11-19T16:03:04","guid":{"rendered":"http:\/\/hoereninalbanien.de\/?page_id=5"},"modified":"2018-11-22T15:39:37","modified_gmt":"2018-11-22T15:39:37","slug":"das-projekt","status":"publish","type":"page","link":"http:\/\/hoereninalbanien.de\/?page_id=5","title":{"rendered":"Das Projekt"},"content":{"rendered":"<div class=\"col-sm-4\">\n<h2>H\u00f6ren<\/h2>\n<p>Richtig h\u00f6ren k\u00f6nnen bedeutet ein wichtiges St\u00fcck Lebensqualit\u00e4t auf sozialer und emotionaler Ebene. Diese Lebensqualit\u00e4t ist f\u00fcr die meisten Menschen in Albanien unbezahlbar.<\/p>\n<p>In Kooperation mit der Deutsch Albanischen Initiative f\u00fcr Kinderaugen (DAIKA e.V) haben wir im April 2017 mit der kostenlosen Anpassung gespendeter H\u00f6rsysteme in Albanien begonnen.<\/p>\n<p>Wir laden Sie ein unser Projekt n\u00e4her kennenzulernen und w\u00fcrden uns \u00fcber Ihre Unterst\u00fctzung freuen.<\/p>\n<\/div>\n<div class=\"col-sm-4\">\n<h2>Warum Albanien?<\/h2>\n<p>Albanien ist mit einem durchschnittlichen Einkommen von etwa 310\u20ac pro Monat eines der \u00e4rmsten L\u00e4nder Europas. W\u00e4hrend der Unruhen 1997 verlie\u00df fast ein Drittel des medizinischen Personals das Land; die Zahl der Gesundheitszentren ist um 40 % gesunken.<\/p>\n<p>Daher geh\u00f6rt Albanien bis heute zu den europ\u00e4ischen Schlusslichtern bei der Gesundheitsversorgung. Da wir das Land und vor allem die unglaublich freundlichen Menschen auf Reisen n\u00e4her kennen lernen durften, m\u00f6chten wir etwas zur\u00fcck geben. In Zusammenarbeit mit der Deutsch-Albanischen Initiative f\u00fcr Kinderaugen (www.daika.de), f\u00fchren wir seit April 2017 H\u00f6rger\u00e4teanpassungen in Albanien durch. Hierf\u00fcr d\u00fcrfen wir die R\u00e4umlichkeiten einer italienischen Missionsstation in Pllana (ca. 50 Km nord\u00f6stlich von Tirana) nutzen.<\/p>\n<p>Die H\u00f6rsysteme sind \u00fcberwiegend gespendete Altger\u00e4te, welche wieder aufgearbeitet werden und individuell und gemeinsam mit dem Patienten angepasst werden. Bei Sonderversorgungen m\u00fcssen spezielle Systeme gekauft werden. Zus\u00e4tzlich werden die Patienten mit Batterien, Reinigungs- und Trockenmaterial ausgestattet, welches wir (bisher) gespendeten bekommen haben.<\/p>\n<\/div>\n<div class=\"col-sm-4\">\n<h2>Vor Ort<\/h2>\n<p>In Pllana finden wir perfekte Bedingungen vor, um Anpassungen vorzunehmen. Die Mission dort beinhaltet eine Schule (Kindergarten bis einschlie\u00dflich Klasse 9) mit angeschlossenem Internat f\u00fcr schwerh\u00f6rige und geh\u00f6rlose Kinder. Die Schule ist die erste integrative Schule in Albanien. Au\u00dferdem betreiben die Schwestern eine Station f\u00fcr die medizinische Betreuung der Bewohner im Umkreis.<\/p>\n<p>In den R\u00e4umlichkeiten der Station ist eine Audiometriekabine und ein kleines Labor um Ohrpassst\u00fccke anzufertigen.<br \/>\nSchwester Caridad hat im Laufe der Jahre das Durchf\u00fchren von H\u00f6rtest und Abformungen nehmen gelernt. Au\u00dferdem kann sie Ohrpassst\u00fccke herstellen.<\/p>\n<p>Sollten die Patienten Probleme haben mit dem H\u00f6rger\u00e4t oder der Schallschlauch am Ohrst\u00fcck gewechselt werden m\u00fcssen, k\u00f6nnen sie sich an Schwester Caridad wenden, die das 1&#215;1 der H\u00f6rger\u00e4te-Erste- Hilfe beherrscht.<\/p>\n<\/div>\n","protected":false},"excerpt":{"rendered":"<p>H\u00f6ren Richtig h\u00f6ren k\u00f6nnen bedeutet ein wichtiges St\u00fcck Lebensqualit\u00e4t auf sozialer und emotionaler Ebene. Diese Lebensqualit\u00e4t ist f\u00fcr die meisten Menschen in Albanien unbezahlbar. In Kooperation mit der Deutsch Albanischen Initiative f\u00fcr Kinderaugen (DAIKA e.V) haben wir im April 2017 mit der kostenlosen Anpassung gespendeter H\u00f6rsysteme in Albanien begonnen. Wir laden Sie ein unser Projekt&hellip; <br \/> <a class=\"read-more\" href=\"http:\/\/hoereninalbanien.de\/?page_id=5\">Weiterlesen<\/a><\/p>\n","protected":false},"author":1,"featured_media":0,"parent":0,"menu_order":0,"comment_status":"closed","ping_status":"closed","template":"","meta":[],"_links":{"self":[{"href":"http:\/\/hoereninalbanien.de\/index.php?rest_route=\/wp\/v2\/pages\/5"}],"collection":[{"href":"http:\/\/hoereninalbanien.de\/index.php?rest_route=\/wp\/v2\/pages"}],"about":[{"href":"http:\/\/hoereninalbanien.de\/index.php?rest_route=\/wp\/v2\/types\/page"}],"author":[{"embeddable":true,"href":"http:\/\/hoereninalbanien.de\/index.php?rest_route=\/wp\/v2\/users\/1"}],"replies":[{"embeddable":true,"href":"http:\/\/hoereninalbanien.de\/index.php?rest_route=%2Fwp%2Fv2%2Fcomments&post=5"}],"version-history":[{"count":6,"href":"http:\/\/hoereninalbanien.de\/index.php?rest_route=\/wp\/v2\/pages\/5\/revisions"}],"predecessor-version":[{"id":189,"href":"http:\/\/hoereninalbanien.de\/index.php?rest_route=\/wp\/v2\/pages\/5\/revisions\/189"}],"wp:attachment":[{"href":"http:\/\/hoereninalbanien.de\/index.php?rest_route=%2Fwp%2Fv2%2Fmedia&parent=5"}],"curies":[{"name":"wp","href":"https:\/\/api.w.org\/{rel}","templated":true}]}}